vided by g(x).
16
Let y(f) = -f + 11. Let a(h) = -12*h**3 + h**2 - h + 1. Suppose 3*x = 1 + 2. Let p be a(x). What is the remainder when 63 is divided by y(p)?
19
Let d(s) = 24*s**2 + 4*s. Let b(v) = 2*v**3 - 10*v**2 - 2*v + 7. Let t be b(5). What is the remainder when d(t) is divided by 52?
48
Suppose 5*j + 2*h = 124, -7*j = -10*j + 2*h + 84. Calculate the remainder when j is divided by 20.
6
Let w be ((-4)/(-6))/((-6)/18) + -26. Let i = w + 38. Calculate the remainder when i is divided by 8.
2
Suppose 0 = -5*x - 0 + 15. Let p be x/9 - 116/(-3). Calculate the remainder when p - 5/(15/(-6)) is divided by 14.
13
Let x(t) = 2*t + 30. Let b be x(-13). Calculate the remainder when 3 is divided by 3 + 0 - (4 - b).
0
Suppose 3*c - 2*r = 14, 0 = 2*c - 0*c - 5*r - 24. Suppose c*x + 14 = 3*x. What is the remainder when 123 is divided by x?
11
Let o = 177 - 36. What is the remainder when o is divided by 5?
1
Let b be ((-33)/22)/(1/(-2)). Suppose 0 = b*s + 4*p - 21 + 4, 2*p + 8 = 4*s. Suppose -6*g = -s*g - 222. What is the remainder when g is divided by 19?
17
Suppose -80*s + 65*s + 945 = 0. Calculate the remainder when 376 is divided by s.
61
Suppose -5*q + 600 = 2*b, 10 = -6*b + 8*b. What is the remainder when q is divided by 56?
6
Suppose -6*w - 79 = -163. Suppose j - 1 - 2 = 0. Suppose f + j*f - 164 = 0. What is the remainder when f is divided by w?
13
Let o = 609 + -597. What is the remainder when 46 is divided by o?
10
Suppose -19*c - 999 = -56*c. What is the remainder when c is divided by 17?
10
Suppose 2*d + 4 = 6*d. Let h be d*(-1 + -20 + 3). Let z = h + 55. What is the remainder when z is divided by 13?
11
Suppose -5*l + 9 = -4*l. Suppose -6*z - 840 = -858. Calculate the remainder when (4/z)/(l/378) is divided by 19.
18
What is the remainder when (144/(-90))/((-8)/580) is divided by 38?
2
Let k = 21 - 18. Suppose -3*b + 12 = 0, 6*b + 118 = 2*n + 2*b. What is the remainder when n is divided by 19 + k/(3/4)?
21
Let o(p) = 24*p + 6. What is the remainder when o(4) is divided by 25 - 3*(-1)/3?
24
Suppose 2*w + 3*c = -w + 15, 0 = -w - 2*c + 8. Suppose 5*t - w*t - 15 = 0, 0 = 3*p + 2*t - 151. Calculate the remainder when p is divided by 24.
23
Suppose -4*y = t - 338, -4*y + 1959 = 4*t + 655. What is the remainder when 334 is divided by t?
12
Let x be 1*10/(4 - 2). Suppose 13 = x*t - 4*r, -3*t - 2*r + 4 = 5. Calculate the remainder when 45 is divided by 30 - 4 - 3/t.
22
Suppose -4*z - z - 17 = 3*y, -6 = -2*y + z. Suppose 0 = -2*o + 20 + 2. What is the remainder when o is divided by (-1 - y) + (1 - -8)?
4
Let t = -764 - -807. Suppose 5*k = -0 - 5. Calculate the remainder when t is divided by k/(-1) - (-13 - 1).
13
Let k = -260 - -387. What is the remainder when k is divided by (-133)/(-4) - 2/8 - 1?
31
Suppose 20 = -4*u, 0 = 5*i - 0*u - 5*u - 20. Let f = i - -8. Let s = -6 + f. What is the remainder when 2 is divided by s?
0
Let u(y) = 2*y**2 - 6*y + 8. What is the remainder when 76 is divided by u(4)?
12
Let z(l) = -139*l - 812. Calculate the remainder when 100 is divided by z(-6).
12
Let y = 14 - 4. Suppose -3*p + y = 2*p. Let a(x) = x**2 - 70*x + 447. What is the remainder when a(7) is divided by p?
0
Let a(w) = -w**3 + 10*w**2 - 5*w - 22. Let r be a(9). What is the remainder when 55 is divided by (r - 11)/(3/28)?
27
Let v = -52 + 55. Suppose -v*t + 10 = -29. Calculate the remainder when 36 is divided by t.
10
Let a be 10/30 + (-536)/6. Let i = a - -187. Let y(k) = 2*k**2 - 8*k + 9. Calculate the remainder when i is divided by y(6).
32
Let u = 0 + 8. Suppose -9*l + u*l + 29 = 0. Let a = 57 + 29. Calculate the remainder when a is divided by l.
28
Calculate the remainder when 17 is divided by (3 - (-4 + 6))/((-2)/(-4)).
1
Calculate the remainder when 63 is divided by 3/(-33)*2 - 35/(-11).
0
Let o = 14 + 9. Let x(a) = a**2 - 2*a - 3. Let g be 0 + -5 + -1 + 4. What is the remainder when o is divided by x(g)?
3
Let j = -38 - -63. Let n be 10/4*(-280)/(-175). Calculate the remainder when j is divided by n/(-24) - 43/(-6).
4
Let b(o) = -40*o**2 + 3. Let l be b(1). Suppose 0*q - 3*q = 9. What is the remainder when (2 - (-9)/q)*l is divided by 10?
7
Let j be (1 + 1)/2*-17. Calculate the remainder when 1*22 + 20 + j is divided by 9.
7
Suppose -w + 23 = 13. Suppose 0 = -2*d - 30 + 96. Calculate the remainder when d is divided by w.
3
Suppose 6*t = 46 + 8. Let d(r) = r**3 - 10*r**2 - 4*r - 10. What is the remainder when d(11) is divided by t?
4
Let s = -136 + 150. Suppose 0 = -q + 7*q - 294. Calculate the remainder when q is divided by s.
7
Suppose 21 = -2*q + 75. What is the remainder when ((-3081)/78)/((-2)/4) is divided by q?
25
Suppose -m + 17 = 4*z, -45 = -2*m + 3*z - 0*z. Calculate the remainder when m is divided by 7.
0
Let m = -367 + 372. Suppose -5*h + 14 = -1, 5*f - h - 17 = 0. Suppose -f*k + k + 42 = 0. What is the remainder when k is divided by m?
4
Suppose -2*k + 5*g - 4 = 1, -2*k - 2*g + 2 = 0. Let c = 6 - k. What is the remainder when (-2)/(((-20)/(-32))/(-5)) is divided by c?
4
Suppose 3 = 2*w - 3*m, 18 = w + 3*m - 6. Suppose -w*v - 32 = -572. What is the remainder when v is divided by (-1)/(-2) - (-31)/2?
12
Suppose 9 = -3*l + 3*h, -2*l + 14 = 2*h - 0*h. Let w = l - -102. What is the remainder when w is divided by 15?
14
Let g = -123 - -200. Calculate the remainder when 380 is divided by g.
72
Suppose -2 = -2*m + 2. Let g(d) = -8 - d**2 - 5 + 3*d - 6*d + 2*d**m. Calculate the remainder when 11 is divided by g(6).
1
Suppose 0 = 2*n - 20 - 28. Suppose j + 5*q = -122, -2*j + q - 506 = 3*j. Let r = j + 147. What is the remainder when r is divided by n?
21
Suppose 5*c - 26 + 11 = 0. Suppose 12 + 9 = c*j. What is the remainder when 19 is divided by j?
5
Let s be 42/(-2)*(-12)/(-36). Let p = s + 2. Calculate the remainder when 7 is divided by 2/p + 85/25.
1
Let x(v) = -v**3 + 15*v**2 - 19*v - 25. What is the remainder when 518 is divided by x(13)?
56
Suppose 0 = 2*n - 0*n - 22. Let j = 35 - n. Calculate the remainder when j is divided by 9.
6
Suppose 0 = 6*l - l - 405. Suppose -l*j + 86 = -79*j. What is the remainder when j is divided by 23?
20
Suppose -130 + 842 = 8*y. Let l = 15 + -8. Calculate the remainder when y is divided by l.
5
Suppose -5*d - 208 = -3*z, -2*d - 2*d = 4*z - 256. Calculate the remainder when 191 is divided by z.
59
Calculate the remainder when 182 is divided by -2*875/(-30) - 4/(-6).
5
Suppose 0 = 3*o - 6 - 21. Let j be (8/(-6))/((-3)/o). Suppose -j*h + 52 = -4*t, -4*h + 0*h = 2*t - 40. What is the remainder when 32 is divided by h?
10
Suppose -3*l + 40 = -4*z, -5*l = -2*z + 25 - 101. What is the remainder when 91 is divided by l?
11
Suppose 48*j - 297 = 45*j. Let o(x) = 2*x**2 + x - 2. Let l = 1 - -3. Calculate the remainder when j is divided by o(l).
31
Let l be ((-56)/12 + 4)*(-9)/1. Suppose -3*q + 81 = l*o - 5*o, 3*q - 15 = 0. Calculate the remainder when o is divided by 17.
15
Suppose 0 = -41*u + 37066 + 29108. Calculate the remainder when u is divided by 101.
99
Let z(y) = -y**3 - 6*y**2 - 5*y - 4. Suppose -5*d + 2*w = -17, 3*d + 5*w - 7 = 3*w. Calculate the remainder when z(-6) is divided by (28/(-6))/((-2)/d).
5
Let o be 0/(3*(-1)/(-3)). Suppose o = 4*a - 2*a - 36. What is the remainder when a is divided by 5?
3
Let m be (-16)/4*4/(-8). Suppose -151 = -3*o + 2*n + 17, -o + 56 = -m*n. Calculate the remainder when o is divided by 15.
11
Let x be (-7)/21*0/(-1). Suppose -6*s + s = -b + 50, x = 5*b + 2*s - 277. Suppose 0 = 4*a - 143 + b. What is the remainder when 85 is divided by a?
19
Suppose d = 5*g - 2, 0 = 4*g - 2*g - 10. What is the remainder when 36 is divided by d?
13
Let h(o) = o**2 - 9*o + 1. Let k be h(9). What is the remainder when k/(1 + (0 - (-184)/(-188))) is divided by 16?
15
Suppose -5*d + 220 = -d. Let z be (-8)/(-5) - 39/65. Suppose 3*c = -s + 189, 2*s = c - z - d. Calculate the remainder when c is divided by 21.
20
Let g = -137 + 118. Suppose 5*u - 35 = -4*q + 9, q + 5*u - 26 = 0. Let j = q - g. Calculate the remainder when j is divided by 15.
10
Suppose -3*r - 5*o + 4 = 0, 5*r - o - 19 = 3*o. Suppose 2*s = r*s - 2, 2*s + 14 = x. Calculate the remainder when x is divided by 10.
8
What is the remainder when 50 is divided by (-8)/((-96)/171) - 2/8?
8
Let l(d) = -d**3 - d**2 + d + 8. Calculate the remai